{"id":2,"date":"2024-08-02T18:16:50","date_gmt":"2024-08-02T18:16:50","guid":{"rendered":"https:\/\/ferrancremades.es\/?page_id=2"},"modified":"2024-09-23T14:19:57","modified_gmt":"2024-09-23T12:19:57","slug":"inicio","status":"publish","type":"page","link":"https:\/\/ferrancremades.es\/","title":{"rendered":"1-INICIO"},"content":{"rendered":"\t\t<div data-elementor-type=\"wp-page\" data-elementor-id=\"2\" class=\"elementor elementor-2\">\n\t\t\t\t<div class=\"elementor-element elementor-element-7a2720d6 e-flex e-con-boxed e-con e-parent\" data-id=\"7a2720d6\" data-element_type=\"container\" data-e-type=\"container\">\n\t\t\t\t\t<div class=\"e-con-inner\">\n\t\t\t\t<div class=\"elementor-element elementor-element-d65e4a5 elementor-widget elementor-widget-image\" data-id=\"d65e4a5\" data-element_type=\"widget\" data-e-type=\"widget\" data-widget_type=\"image.default\">\n\t\t\t\t<div class=\"elementor-widget-container\">\n\t\t\t\t\t\t\t\t\t\t\t\t\t\t\t<img fetchpriority=\"high\" decoding=\"async\" width=\"629\" height=\"135\" src=\"https:\/\/ferrancremades.es\/wp-content\/uploads\/2024\/08\/Logo-Santi-Ferran-Cremades-escriptor.jpg\" class=\"attachment-large size-large wp-image-12\" alt=\"\" srcset=\"https:\/\/ferrancremades.es\/wp-content\/uploads\/2024\/08\/Logo-Santi-Ferran-Cremades-escriptor.jpg 629w, https:\/\/ferrancremades.es\/wp-content\/uploads\/2024\/08\/Logo-Santi-Ferran-Cremades-escriptor-300x64.jpg 300w\" sizes=\"(max-width: 629px) 100vw, 629px\" \/>\t\t\t\t\t\t\t\t\t\t\t\t\t\t\t<\/div>\n\t\t\t\t<\/div>\n\t\t\t\t<div class=\"elementor-element elementor-element-a3229b0 elementor-widget elementor-widget-text-editor\" data-id=\"a3229b0\" data-element_type=\"widget\" data-e-type=\"widget\" data-widget_type=\"text-editor.default\">\n\t\t\t\t<div class=\"elementor-widget-container\">\n\t\t\t\t\t\t\t\t\t<p style=\"text-align: center;\"><strong>LA PASI\u00d3N DE UN OFICIO<\/strong><\/p>\t\t\t\t\t\t\t\t<\/div>\n\t\t\t\t<\/div>\n\t\t\t\t<div class=\"elementor-element elementor-element-133e63d elementor-widget elementor-widget-text-editor\" data-id=\"133e63d\" data-element_type=\"widget\" data-e-type=\"widget\" data-widget_type=\"text-editor.default\">\n\t\t\t\t<div class=\"elementor-widget-container\">\n\t\t\t\t\t\t\t\t\t<p style=\"text-align: justify;\">Muchos de los escenarios de mi vida ya han sido borrados por el tiempo. En realidad, no s\u00e9 si lo que viv\u00ed en mi infancia fue real o inventado. Nada queda de la v\u00eda del tren por donde pasaba como una bala el Bou Roig ni de las norias que llenaban de fertilidad los marjales. Con los a\u00f1os, el Gran Casino Buenos Aires, donde algunas noches hab\u00eda espect\u00e1culos con magos que hac\u00edan demostraciones de ilusionismo e hipnotizadores que horrorizaban la piel de la ignorancia, se trasform\u00f3 en una Caja de Ahorros, una m\u00e1s.<\/p><p style=\"text-align: justify;\">Un d\u00eda lejano, tras jugar a la pelota en la calle, descubr\u00ed que las palabras ten\u00edan alas y que me transportaban a espacios imaginarios. Siempre que escribo tengo presente, de manera consciente o inconsciente, la figura de mi abuela materna en la mecedora, su voz c\u00e1lida, el primer e indestructible lazo con el mundo de la fantas\u00eda. Yo tambi\u00e9n cre\u00eda que m\u00e1s all\u00e1 del paisaje de naranjos de Bellreguard no exist\u00eda ning\u00fan mundo posible, pero despu\u00e9s he vivido otras vidas en otras ciudades y en otros oc\u00e9anos.<\/p><p style=\"text-align: justify;\">Como\u00a0<em>Cremades<\/em>\u00a0me siento arraigado a mi terru\u00f1o, conocedor de los ciclos de las estaciones, amante de las siembras y de las cosechas, amante de la m\u00fasica y del trabajo bien hecho. Como\u00a0<em>Arlandis<\/em>\u00a0me siento en continuo desplazamiento, conocedor de las fases de la luna, amante de las palabras y las historias, atra\u00eddo por otras culturas y lenguas, con una voluntad de hierro. Hay momentos en que los dos congenian y horas en que uno no quiere saber nada del otro.<\/p><p style=\"text-align: justify;\">Quiz\u00e1 alg\u00fan d\u00eda me encontrar\u00e9is oculto tras el fragmento de alguna de mis novelas. En el interior de un cuartel de la \u00e9poca franquista, donde la inocencia se manchaba de sangre. Sentado en las escaleras de la Lonja de Valencia, en un siglo en el que muchos viajeros europeos visitaban, entre otras maravillas, el famoso lupanar de la ciudad. Abriendo la puerta dorada de alg\u00fan palacio de la \u00e9poca \u00e1rabe, que pronto se poblar\u00edan de sombras. Ahora entrando en la Plaza Redonda, donde Arena y Matador tienen una cita inaplazable. En la barra de alg\u00fan bar de las calles de Barcelona, la noche antes de viajar a T\u00fanez. Quiz\u00e1 perdido, con la c\u00e1mara de fotos en la mano, por los callejones oscuros de la medina de Fez o los zocos de T\u00fanez. O \u00bfpor qu\u00e9 no? Paseando por los acantilados de Ras Al Fartass, en busca de la verdad absoluta.<\/p>\t\t\t\t\t\t\t\t<\/div>\n\t\t\t\t<\/div>\n\t\t\t\t<div class=\"elementor-element elementor-element-d175bf4 elementor-widget elementor-widget-image\" data-id=\"d175bf4\" data-element_type=\"widget\" data-e-type=\"widget\" data-widget_type=\"image.default\">\n\t\t\t\t<div class=\"elementor-widget-container\">\n\t\t\t\t\t\t\t\t\t\t\t\t\t\t\t<img decoding=\"async\" width=\"632\" height=\"439\" src=\"https:\/\/ferrancremades.es\/wp-content\/uploads\/2024\/08\/ferran11-1024x711.jpg\" class=\"attachment-large size-large wp-image-3377\" alt=\"\" srcset=\"https:\/\/ferrancremades.es\/wp-content\/uploads\/2024\/08\/ferran11-1024x711.jpg 1024w, https:\/\/ferrancremades.es\/wp-content\/uploads\/2024\/08\/ferran11-300x208.jpg 300w, https:\/\/ferrancremades.es\/wp-content\/uploads\/2024\/08\/ferran11-768x534.jpg 768w, https:\/\/ferrancremades.es\/wp-content\/uploads\/2024\/08\/ferran11-1536x1067.jpg 1536w, https:\/\/ferrancremades.es\/wp-content\/uploads\/2024\/08\/ferran11-e1727093948562.jpg 600w\" sizes=\"(max-width: 632px) 100vw, 632px\" \/>\t\t\t\t\t\t\t\t\t\t\t\t\t\t\t<\/div>\n\t\t\t\t<\/div>\n\t\t\t\t<div class=\"elementor-element elementor-element-d8d144c elementor-widget elementor-widget-link-in-bio\" data-id=\"d8d144c\" data-element_type=\"widget\" data-e-type=\"widget\" data-widget_type=\"link-in-bio.default\">\n\t\t\t\t<div class=\"elementor-widget-container\">\n\t\t\t\t\t\t\t<div class=\"e-link-in-bio e-link-in-bio\">\n\t\t\t<div class=\"e-link-in-bio__content\">\n\n\t\t\t\t\t\t<div class=\"e-link-in-bio__identity\">\n\t\t\t\t\t\t\t\t\t<div class=\"e-link-in-bio__identity-image e-link-in-bio__identity-image-profile has-style-circle\">\n\t\t\t\t\t\t\t<img decoding=\"async\" width=\"211\" height=\"240\" src=\"https:\/\/ferrancremades.es\/wp-content\/uploads\/2024\/08\/Juan-Miguel-Morales.jpg\" class=\"e-link-in-bio__identity-image-element\" alt=\"\" \/>\t\t\t\t\t\t\t\t\t\t\t\t\t<\/div>\n\t\t\t\t\t\t\t<\/div>\n\t\t\t\t\t<div class=\"e-link-in-bio__bio\">\n\t\t\t\t<h2 class=\"e-link-in-bio__heading\">FERRAN CREMADES<\/h2>\t\t\t\t<h3 class=\"e-link-in-bio__title\">ESCRITOR<\/h3>\t\t\t\t\t\t\t\t<p class=\"e-link-in-bio__description\">Acomp\u00e1\u00f1ame en mi viaje a trav\u00e9s de mis libros, publicaciones y trabajos relacionados con la Literatura, el Arte y La Cultura.<\/p>\t\t\t<\/div>\n\t\t\t\t\t<div class=\"e-link-in-bio__icons has-size-small\">\n\t\t\t\t\t\t\t<div class=\"e-link-in-bio__icon is-size-small\">\n\t\t\t\t\t<a href=\"https:\/\/www.facebook.com\/ferran.cremades.1\" target=\"_blank\" rel=\"noopener \" aria-label=\"Facebook\" class=\"e-link-in-bio__icon-link\">\n\t\t\t\t\t\t<span class=\"e-link-in-bio__icon-svg\">\n\t\t\t\t\t\t\t<svg aria-hidden=\"true\" class=\"e-font-icon-svg e-fab-facebook\" viewBox=\"0 0 512 512\" xmlns=\"http:\/\/www.w3.org\/2000\/svg\"><path d=\"M504 256C504 119 393 8 256 8S8 119 8 256c0 123.78 90.69 226.38 209.25 245V327.69h-63V256h63v-54.64c0-62.15 37-96.48 93.67-96.48 27.14 0 55.52 4.84 55.52 4.84v61h-31.28c-30.8 0-40.41 19.12-40.41 38.73V256h68.78l-11 71.69h-57.78V501C413.31 482.38 504 379.78 504 256z\"><\/path><\/svg>\t\t\t\t\t\t<\/span>\n\t\t\t\t\t\t\t\t\t\t\t<\/a>\n\t\t\t\t<\/div>\n\t\t\t\t\t\t\t<div class=\"e-link-in-bio__icon is-size-small\">\n\t\t\t\t\t<a href=\"https:\/\/www.instagram.com\/ferrancremades\/\" target=\"_blank\" rel=\"noopener \" aria-label=\"Instagram\" class=\"e-link-in-bio__icon-link\">\n\t\t\t\t\t\t<span class=\"e-link-in-bio__icon-svg\">\n\t\t\t\t\t\t\t<svg aria-hidden=\"true\" class=\"e-font-icon-svg e-fab-instagram\" viewBox=\"0 0 448 512\" xmlns=\"http:\/\/www.w3.org\/2000\/svg\"><path d=\"M224.1 141c-63.6 0-114.9 51.3-114.9 114.9s51.3 114.9 114.9 114.9S339 319.5 339 255.9 287.7 141 224.1 141zm0 189.6c-41.1 0-74.7-33.5-74.7-74.7s33.5-74.7 74.7-74.7 74.7 33.5 74.7 74.7-33.6 74.7-74.7 74.7zm146.4-194.3c0 14.9-12 26.8-26.8 26.8-14.9 0-26.8-12-26.8-26.8s12-26.8 26.8-26.8 26.8 12 26.8 26.8zm76.1 27.2c-1.7-35.9-9.9-67.7-36.2-93.9-26.2-26.2-58-34.4-93.9-36.2-37-2.1-147.9-2.1-184.9 0-35.8 1.7-67.6 9.9-93.9 36.1s-34.4 58-36.2 93.9c-2.1 37-2.1 147.9 0 184.9 1.7 35.9 9.9 67.7 36.2 93.9s58 34.4 93.9 36.2c37 2.1 147.9 2.1 184.9 0 35.9-1.7 67.7-9.9 93.9-36.2 26.2-26.2 34.4-58 36.2-93.9 2.1-37 2.1-147.8 0-184.8zM398.8 388c-7.8 19.6-22.9 34.7-42.6 42.6-29.5 11.7-99.5 9-132.1 9s-102.7 2.6-132.1-9c-19.6-7.8-34.7-22.9-42.6-42.6-11.7-29.5-9-99.5-9-132.1s-2.6-102.7 9-132.1c7.8-19.6 22.9-34.7 42.6-42.6 29.5-11.7 99.5-9 132.1-9s102.7-2.6 132.1 9c19.6 7.8 34.7 22.9 42.6 42.6 11.7 29.5 9 99.5 9 132.1s2.7 102.7-9 132.1z\"><\/path><\/svg>\t\t\t\t\t\t<\/span>\n\t\t\t\t\t\t\t\t\t\t\t<\/a>\n\t\t\t\t<\/div>\n\t\t\t\t\t\t\t<div class=\"e-link-in-bio__icon is-size-small\">\n\t\t\t\t\t<a href=\"https:\/\/x.com\/Ferran_Cremades\" target=\"_blank\" rel=\"noopener \" aria-label=\"X (Twitter)\" class=\"e-link-in-bio__icon-link\">\n\t\t\t\t\t\t<span class=\"e-link-in-bio__icon-svg\">\n\t\t\t\t\t\t\t<svg aria-hidden=\"true\" class=\"e-font-icon-svg e-fab-x-twitter\" viewBox=\"0 0 512 512\" xmlns=\"http:\/\/www.w3.org\/2000\/svg\"><path d=\"M389.2 48h70.6L305.6 224.2 487 464H345L233.7 318.6 106.5 464H35.8L200.7 275.5 26.8 48H172.4L272.9 180.9 389.2 48zM364.4 421.8h39.1L151.1 88h-42L364.4 421.8z\"><\/path><\/svg>\t\t\t\t\t\t<\/span>\n\t\t\t\t\t\t\t\t\t\t\t<\/a>\n\t\t\t\t<\/div>\n\t\t\t\t\t<\/div>\n\t\t\n\t\t<div class=\"e-link-in-bio__ctas has-type-button\">\n\t\t\t\t\t\t\t<a href=\"https:\/\/ferrancremades.es\/index.php\/biografia\/\" class=\"e-link-in-bio__cta is-type-button has-corners-rounded\">\n\t\t\t\t\t\t\t\t\t\t<span class=\"e-link-in-bio__cta-text\">\n\t\t\t\t\t\tBiograf\u00eda\t\t\t\t\t<\/span>\n\t\t\t\t<\/a>\n\t\t\t\t\t\t\t<a href=\"https:\/\/ferrancremades.es\/index.php\/bibliografia\/\" class=\"e-link-in-bio__cta is-type-button has-corners-rounded\">\n\t\t\t\t\t\t\t\t\t\t<span class=\"e-link-in-bio__cta-text\">\n\t\t\t\t\t\tBibliograf\u00eda\t\t\t\t\t<\/span>\n\t\t\t\t<\/a>\n\t\t\t\t\t\t\t<a href=\"https:\/\/ferrancremades.es\/index.php\/art__cultura\/\" class=\"e-link-in-bio__cta is-type-button has-corners-rounded\">\n\t\t\t\t\t\t\t\t\t\t<span class=\"e-link-in-bio__cta-text\">\n\t\t\t\t\t\tArt &amp; Cultura\t\t\t\t\t<\/span>\n\t\t\t\t<\/a>\n\t\t\t\t\t\t\t<a href=\"https:\/\/ferrancremades.es\/index.php\/contactar\/\" class=\"e-link-in-bio__cta is-type-button has-corners-rounded\">\n\t\t\t\t\t\t\t\t\t\t<span class=\"e-link-in-bio__cta-text\">\n\t\t\t\t\t\tContactar\t\t\t\t\t<\/span>\n\t\t\t\t<\/a>\n\t\t\t\t\t<\/div>\n\t\t\n\t\t\t<\/div>\n\t\t\t<div class=\"e-link-in-bio__bg\">\n\t\t\t\t<div class=\"e-link-in-bio__bg-overlay\"><\/div>\n\t\t\t<\/div>\n\t\t<\/div>\n\t\t\t\t\t\t<\/div>\n\t\t\t\t<\/div>\n\t\t\t\t\t<\/div>\n\t\t\t\t<\/div>\n\t\t\t\t<\/div>\n\t\t","protected":false},"excerpt":{"rendered":"<div class=\"entry-summary\">\n<div class=\"entry-summary\">\nLA PASI\u00d3N DE UN OFICIO Muchos de los escenarios de mi vida&hellip;\n<\/div>\n<div class=\"link-more\"><a href=\"https:\/\/ferrancremades.es\/\" class=\"more-link\">Seguir leyendo<span class=\"screen-reader-text\"> &ldquo;1-INICIO&rdquo;<\/span>&hellip;<\/a><\/div>\n<\/div>\n<div class=\"link-more\"><a href=\"https:\/\/ferrancremades.es\/\" class=\"more-link\">Seguir leyendo<span class=\"screen-reader-text\"> &ldquo;1-INICIO&rdquo;<\/span>&hellip;<\/a><\/div>\n","protected":false},"author":1,"featured_media":0,"parent":0,"menu_order":0,"comment_status":"closed","ping_status":"closed","template":"","meta":{"_acf_changed":false,"_monsterinsights_skip_tracking":false,"_monsterinsights_sitenote_active":false,"_monsterinsights_sitenote_note":"","_monsterinsights_sitenote_category":0,"_joinchat":[],"footnotes":""},"class_list":["post-2","page","type-page","status-publish","hentry","entry"],"acf":[],"aioseo_notices":[],"_links":{"self":[{"href":"https:\/\/ferrancremades.es\/index.php\/wp-json\/wp\/v2\/pages\/2","targetHints":{"allow":["GET"]}}],"collection":[{"href":"https:\/\/ferrancremades.es\/index.php\/wp-json\/wp\/v2\/pages"}],"about":[{"href":"https:\/\/ferrancremades.es\/index.php\/wp-json\/wp\/v2\/types\/page"}],"author":[{"embeddable":true,"href":"https:\/\/ferrancremades.es\/index.php\/wp-json\/wp\/v2\/users\/1"}],"replies":[{"embeddable":true,"href":"https:\/\/ferrancremades.es\/index.php\/wp-json\/wp\/v2\/comments?post=2"}],"version-history":[{"count":21,"href":"https:\/\/ferrancremades.es\/index.php\/wp-json\/wp\/v2\/pages\/2\/revisions"}],"predecessor-version":[{"id":4940,"href":"https:\/\/ferrancremades.es\/index.php\/wp-json\/wp\/v2\/pages\/2\/revisions\/4940"}],"wp:attachment":[{"href":"https:\/\/ferrancremades.es\/index.php\/wp-json\/wp\/v2\/media?parent=2"}],"curies":[{"name":"wp","href":"https:\/\/api.w.org\/{rel}","templated":true}]}}