{"id":16,"date":"2024-08-05T17:49:48","date_gmt":"2021-03-09T09:03:37","guid":{"rendered":"https:\/\/ferrancremades.es\/index.php\/about-us\/"},"modified":"2024-09-23T17:28:11","modified_gmt":"2024-09-23T15:28:11","slug":"biografia","status":"publish","type":"page","link":"https:\/\/ferrancremades.es\/index.php\/biografia\/","title":{"rendered":"2-BIOGRAF\u00cdA"},"content":{"rendered":"\t\t<div data-elementor-type=\"wp-page\" data-elementor-id=\"16\" class=\"elementor elementor-16\">\n\t\t\t\t<div class=\"elementor-element elementor-element-50e0e5f1 e-flex e-con-boxed e-con e-parent\" data-id=\"50e0e5f1\" data-element_type=\"container\" data-e-type=\"container\">\n\t\t\t\t\t<div class=\"e-con-inner\">\n\t\t\t\t<div class=\"elementor-element elementor-element-6b69988 elementor-widget elementor-widget-image\" data-id=\"6b69988\" data-element_type=\"widget\" data-e-type=\"widget\" data-widget_type=\"image.default\">\n\t\t\t\t<div class=\"elementor-widget-container\">\n\t\t\t\t\t\t\t\t\t\t\t\t\t\t\t<img fetchpriority=\"high\" decoding=\"async\" width=\"629\" height=\"135\" src=\"https:\/\/ferrancremades.es\/wp-content\/uploads\/2024\/08\/Logo-Santi-Ferran-Cremades-escriptor.jpg\" class=\"attachment-large size-large wp-image-12\" alt=\"\" srcset=\"https:\/\/ferrancremades.es\/wp-content\/uploads\/2024\/08\/Logo-Santi-Ferran-Cremades-escriptor.jpg 629w, https:\/\/ferrancremades.es\/wp-content\/uploads\/2024\/08\/Logo-Santi-Ferran-Cremades-escriptor-300x64.jpg 300w\" sizes=\"(max-width: 629px) 100vw, 629px\" \/>\t\t\t\t\t\t\t\t\t\t\t\t\t\t\t<\/div>\n\t\t\t\t<\/div>\n\t\t\t\t<div class=\"elementor-element elementor-element-662685e elementor-widget elementor-widget-text-editor\" data-id=\"662685e\" data-element_type=\"widget\" data-e-type=\"widget\" data-widget_type=\"text-editor.default\">\n\t\t\t\t<div class=\"elementor-widget-container\">\n\t\t\t\t\t\t\t\t\t<h3 style=\"text-align: center;\"><strong>HISTORIA Y FORMACI\u00d3N<\/strong><\/h3>\t\t\t\t\t\t\t\t<\/div>\n\t\t\t\t<\/div>\n\t\t\t\t<div class=\"elementor-element elementor-element-863bfac elementor-widget elementor-widget-text-editor\" data-id=\"863bfac\" data-element_type=\"widget\" data-e-type=\"widget\" data-widget_type=\"text-editor.default\">\n\t\t\t\t<div class=\"elementor-widget-container\">\n\t\t\t\t\t\t\t\t\t<p style=\"text-align: justify;\">Ferran Cremades i Arlandis, nacido el 19 de enero de 1950, en Bellreguard (Valencia), es un novelista contempor\u00e1neo. Todas sus obras lo consolidan como uno de los narradores m\u00e1s notables de la llamada generaci\u00f3n de los 70.<\/p>\n<p style=\"text-align: justify;\">Educado y formado en un contexto cat\u00f3lico, donde ha cursado, adem\u00e1s del Bachiller, disciplinas tan diversas como filosof\u00eda eclesi\u00e1stica (Colegio Internacional de Dos Hermanas, Sevilla) y psicopedagog\u00eda (Casa del Salvador, Amurrio, \u00c1lava), su pasi\u00f3n por la literatura ha ido acerc\u00e1ndole a un laicismo activo.<\/p>\n<p style=\"text-align: justify;\">La m\u00fasica, presente en su vida desde la infancia \u2212ha estudiado solfeo y diferentes instrumentos de cuerda, m\u00fasica gregoriana y direcci\u00f3n coral\u2212 ha tenido una gran influencia en su obra literaria. En el Conservatorio de Sevilla se examin\u00f3 un mismo d\u00eda de primero de solfeo, donde sac\u00f3 una matr\u00edcula de honor, y de segundo, con un sobresaliente.<\/p>\n<p style=\"text-align: justify;\">Tambi\u00e9n en Sevilla, en el a\u00f1o 1968, pudo asistir a una de las diversas conferencias que pronunci\u00f3 el fil\u00f3sofo franc\u00e9s Gabriel Marcel acerca de la \u201cfidelidad creadora\u201d. En la Universidad asisti\u00f3 como oyente a un cursillo sobre \u201ccristianismo i ate\u00edsmo\u201d.<\/p>\n<p style=\"text-align: justify;\">Se ha dedicado a actividades profesionales muy diversas, primero como secretario de traductor de alem\u00e1n (Ram\u00f3n Strack. Barcelona 1970-1971) y luego como fot\u00f3grafo en agencias de publicidad: Disseny, Troppo y Rausell, (Valencia 1974-1977).<\/p>\n<p style=\"text-align: justify;\">El a\u00f1o 1976 realiz\u00f3 el cortometraje Temps, con la realizaci\u00f3n del cineasta y escritor J. L. Segu\u00ed.<\/p>\n<p style=\"text-align: justify;\">Ha colaborado, como escritor, con la compa\u00f1\u00eda Quatre Chemins (Par\u00eds), dirigida por Catherine de Seynes y, como actor, con la compa\u00f1\u00eda Teatro del Arte, dirigida por Miguel Narros, en la obra\u00a0<em>Seis personajes en busca de autor<\/em>, de Pirandello.<\/p>\n<p style=\"text-align: justify;\">Ha seguido cursillos sobre Arte y Sociedad (Maria Antonia Maciochi) en la Universidad francesa de Vincennes, y ha asistido a clases de Roland Barthes en La Academia Francesa.<\/p>\n<p style=\"text-align: justify;\">A principios de los 70, viviendo en Par\u00eds, asist\u00eda muchas tardes a la Cin\u00e9math\u00e8que i segu\u00eda en contacto con el mundo del teatro y de la pintura.<\/p>\n<p style=\"text-align: justify;\">Viajero infatigable, ha residido en ciudades europeas (Barcelona, Bonn, Frankfurt, Par\u00eds) y norteafricanas (Fez y T\u00fanez), que aparecen como espacios de ficci\u00f3n en sus novelas.<\/p>\t\t\t\t\t\t\t\t<\/div>\n\t\t\t\t<\/div>\n\t\t\t\t<div class=\"elementor-element elementor-element-1a89173 elementor-widget elementor-widget-image\" data-id=\"1a89173\" data-element_type=\"widget\" data-e-type=\"widget\" data-widget_type=\"image.default\">\n\t\t\t\t<div class=\"elementor-widget-container\">\n\t\t\t\t\t\t\t\t\t\t\t\t<figure class=\"wp-caption\">\n\t\t\t\t\t\t\t\t\t\t<img decoding=\"async\" width=\"1020\" height=\"574\" src=\"https:\/\/ferrancremades.es\/wp-content\/uploads\/2024\/08\/Ventanal-exterior-by-RB-1024x576.jpg\" class=\"attachment-large size-large wp-image-3382\" alt=\"\" srcset=\"https:\/\/ferrancremades.es\/wp-content\/uploads\/2024\/08\/Ventanal-exterior-by-RB-1024x576.jpg 1024w, https:\/\/ferrancremades.es\/wp-content\/uploads\/2024\/08\/Ventanal-exterior-by-RB-300x169.jpg 300w, https:\/\/ferrancremades.es\/wp-content\/uploads\/2024\/08\/Ventanal-exterior-by-RB-768x432.jpg 768w, https:\/\/ferrancremades.es\/wp-content\/uploads\/2024\/08\/Ventanal-exterior-by-RB.jpg 1366w\" sizes=\"(max-width: 1020px) 100vw, 1020px\" \/>\t\t\t\t\t\t\t\t\t\t\t<figcaption class=\"widget-image-caption wp-caption-text\">Foto de RogerBOSS. Ventanal exterior. Estudio del autor.<\/figcaption>\n\t\t\t\t\t\t\t\t\t\t<\/figure>\n\t\t\t\t\t\t\t\t\t<\/div>\n\t\t\t\t<\/div>\n\t\t\t\t<div class=\"elementor-element elementor-element-e5c9b86 elementor-widget elementor-widget-text-editor\" data-id=\"e5c9b86\" data-element_type=\"widget\" data-e-type=\"widget\" data-widget_type=\"text-editor.default\">\n\t\t\t\t<div class=\"elementor-widget-container\">\n\t\t\t\t\t\t\t\t\t<h3 style=\"text-align: center;\"><strong>PUBLICACIONES<\/strong><\/h3>\t\t\t\t\t\t\t\t<\/div>\n\t\t\t\t<\/div>\n\t\t\t\t<div class=\"elementor-element elementor-element-992215b elementor-widget elementor-widget-text-editor\" data-id=\"992215b\" data-element_type=\"widget\" data-e-type=\"widget\" data-widget_type=\"text-editor.default\">\n\t\t\t\t<div class=\"elementor-widget-container\">\n\t\t\t\t\t\t\t\t\t<p style=\"text-align: justify;\">Tras sus publicaciones po\u00e9ticas, inicia una nueva \u00e9poca literaria en prosa. El a\u00f1o 1977 gan\u00f3 su primer Premi Sant Jordi con la novela <em>Coll de Serps<\/em>, que el escritor y cr\u00edtico literario Josep Faul\u00ed i Olivella consider\u00f3 \u201cplanteada con una voluntad de progreso de g\u00e9nero fuera de toda discusi\u00f3n\u201d (LA VANGUARDIA, Domingo, 18 de diciembre de 1977). El novelista y articulista Jos\u00e9 Carol (Nueva Estafeta, n\u00ba 8, julio 1979) reconoc\u00eda: <em>\u201cEstamos ante una creaci\u00f3n literaria de aut\u00e9ntica calidad y ante una novela de pujante fuerza.\u201d<\/em> Como dice J. L. Segu\u00ed, en la contraportada de la 1\u00aa edici\u00f3n, la novela \u201cse desarrolla en torno al hecho de una doble muerte, la de un general que es matado por un soldado, y la de \u00e9ste, que es fusilado\u201d. El texto es de escritura densa y argumento de violencia contenida.<\/p>\n<p style=\"text-align: justify;\">Tras un tiempo dedicado al estudio de los cl\u00e1sicos, publica la novela hist\u00f3rica <em>La Regina de la Pobla de les fembres peccadrius<\/em> (finalista del Premi Pla, 1979), un texto recargado e ir\u00f3nico, con un lenguaje deliberadamente arcaizante, y que tuvo una notable acogida cr\u00edtica. Junto con <em>El Cant de la Sibyla<\/em> (Premio Valencia de la Cr\u00edtica, 1983), abrir\u00e1 un g\u00e9nero, al que regresar\u00e1, posteriormente, tras un par de novelas de viaje, sazonadas con elementos de intriga y misterio.<\/p>\n<p style=\"text-align: justify;\">\u00a0<\/p>\n<p style=\"text-align: justify;\">El a\u00f1o 1984, la <em>\u00a0Fundaci\u00f3 Congr\u00e9s de Cultura Catalana<\/em> le concede una beca de creaci\u00f3n art\u00edstica en el extranjero, eligiendo T\u00fanez como lugar de residencia. Fruto de dicha experiencia es la novela <em>Hotel \u00c0frica <\/em>(Premi Prudenci Bertrana 1986), donde un fot\u00f3grafo, enviado a hacer un reportaje gr\u00e1fico sobre las diferentes civilizaciones establecidas en T\u00fanez, se encontrar\u00e1 con todo un mundo desconocido. T\u00fanez no es solamente el tel\u00f3n de fondo, sino la misma escena, donde se refleja el crecimiento de un islamismo radical y la tensi\u00f3n pol\u00edtica y social ante la sucesi\u00f3n del presidente Bourguiba. <em>\u00a0<\/em>\u00a0<\/p>\n<p style=\"text-align: justify;\">El a\u00f1o 1989 recibe la beca de creaci\u00f3n de obras literarias, que le otorga <em>La Instituci\u00f3 de les Lletres Catalanes<\/em>. Una vez muerto Habib Bourguiba, regresa de nuevo a T\u00fanez para coger material y escribir <em>L\u00ednia Trencada<\/em>, novela con la que ganar\u00e1 su segundo Premi Sant Jordi 1990. Su argumento, trazado de manera apasionante, nos habla de un historiador que se desplaza a T\u00fanez con el fin de llevar a cabo una serie de investigaciones para su tesis doctoral. Sin embargo, a causa del sistema policial que existe, pronto se ver\u00e1 involucrado en una extra\u00f1a historia. La polic\u00eda sospecha de su presencia, pues cree que lo que hace es investigar las causas de la desaparici\u00f3n y posterior muerte de un personaje social, cuyo apellido es semejante al suyo.<\/p>\n<p style=\"text-align: justify;\">El a\u00f1o 1990 es galardonado tambi\u00e9n con el premio Manuel Sanchis Guarner, en reconocimiento a toda una trayectoria literaria.<\/p>\n<p style=\"text-align: justify;\">El a\u00f1o 1995 publica <em>Pla\u00e7a Rodona (Premi <\/em>Joanot Martorell 1994),\u00a0 un homenaje a un espacio urbano, que le sirve de escenario para el encuentro inesperado de Arena, una <em>prima donna<\/em> que desaf\u00eda el rol de la sumisi\u00f3n, y Matador, que, tras unos a\u00f1os de ausencia y sacudido por una voluntad de posesi\u00f3n, transgredir\u00e1 la orden de no regresar a Valencia.<\/p>\n<p style=\"text-align: justify;\">En el campo de la literatura juvenil ha publicado <em>Vaixell de neu<\/em> (1989 y 1996), una historia sobre la emigraci\u00f3n que nos refleja unos personajes, unos paisajes y unas costumbres que el tiempo ha fundido como el sol funde la nieve. <em>Dragomon<\/em> (1994), nos relata todo un mundo maravilloso, poblado de seres tan singulares como Faraona, Volador y el Sabio Malabar, con los que construye una bella f\u00e1bula sobre el poder y la sabidur\u00eda.<\/p>\n<p style=\"text-align: justify;\">El a\u00f1o 2006 publica su primera novela en castellano, <em>Jaime I el Conquistador<\/em>, que relata la apasionante historia nunca contada del asedio y ca\u00edda de la Valencia \u00e1rabe en manos del rey cristiano. El autor \u201c<em>narra los hechos desde dentro de la ciudad, con los convenientes contrapuntos para ofrecer una imagen m\u00e1s completa de los hechos.\u201d <\/em>(Revista Historia de Iberia Vieja, n\u00ba 17. 2006). <em>\u201cLa obra ofrece un gran mosaico de lo que fue la cultura \u00e1rabe en nuestro pa\u00eds a cargo de un reputado escritor valenciano.\u201d <\/em><\/p>\n<p style=\"text-align: justify;\">(CLIO. Revista de historia, n\u00ba 64. 2006). \u201c\u2026 <em>es una obra rigurosa y documentada.<\/em>\u201d (Gu\u00eda del Ocio. Barcelona, 20 octubre-06)<\/p>\n<p style=\"text-align: justify;\">Ha colaborado en revistas literarias, como Cairell, L\u2019Espill, Quites, Les Cahiers de Fontenay y Le Jardin d\u2019Essai. Ha escrito textos para cat\u00e1logos de pintura y revistas de arte, como Guadalimar y Cimal. \u00a0Wolf Vostell, Arturo Ballester, Mar\u00eda Montes, Enric Alfons, Morea, Fuencisla Franc\u00e9s, Brahim Dhahak, Tayeb Arab, Uiso Alemany, Rafa Calduch, Progreso. Ha participado en varios Encuentros de Escritores (Or\u00e1n, Valencia, Montpellier, Tortosa, T\u00fanez, Vitoria, Barcelona), junto a poetas y novelistas tan destacados como Tahar Bekri, Nuno Judice, Nawal Al Saadawi, Kateb Yacine, Tahar Djaout, Gamal Al Ghitani, Quim Monz\u00f3.<\/p>\n<p style=\"text-align: justify;\">En los cursos 2010-2011 y 2011-2012, dirigi\u00f3 dos talleres de narrativa organizados y patrocinados por Aula Abierta de Escritura Creativa, de la Universidad de Valencia. Con anterioridad, en abril de 1988, realiz\u00f3 un taller de escritura en el Departamento de espa\u00f1ol de la Universidad de Or\u00e1n (Argelia).<\/p>\n<p style=\"text-align: justify;\">Actualmente, tras seis a\u00f1os de documentaci\u00f3n, trabaja en la redacci\u00f3n de otra novela hist\u00f3rica que tiene como l\u00ednea argumental el divorcio del rey Enrique VIII, el Gran Tudor, y Catalina de Arag\u00f3n, la hija de los Reyes Cat\u00f3licos, conocido como El Gran Asunto del Rey -The \u201cKing\u2019s Great Matter\u201d-, a trav\u00e9s de la mirada del sabio Luis Vives, un personaje extraordinario, tan olvidado como inquietante,<\/p>\t\t\t\t\t\t\t\t<\/div>\n\t\t\t\t<\/div>\n\t\t\t\t<div class=\"elementor-element elementor-element-e94be8f elementor-widget elementor-widget-image\" data-id=\"e94be8f\" data-element_type=\"widget\" data-e-type=\"widget\" data-widget_type=\"image.default\">\n\t\t\t\t<div class=\"elementor-widget-container\">\n\t\t\t\t\t\t\t\t\t\t\t\t<figure class=\"wp-caption\">\n\t\t\t\t\t\t\t\t\t\t<img decoding=\"async\" width=\"960\" height=\"720\" src=\"https:\/\/ferrancremades.es\/wp-content\/uploads\/2024\/08\/Luis-Vives.jpg\" class=\"attachment-large size-large wp-image-3386\" alt=\"\" srcset=\"https:\/\/ferrancremades.es\/wp-content\/uploads\/2024\/08\/Luis-Vives.jpg 960w, https:\/\/ferrancremades.es\/wp-content\/uploads\/2024\/08\/Luis-Vives-300x225.jpg 300w, https:\/\/ferrancremades.es\/wp-content\/uploads\/2024\/08\/Luis-Vives-768x576.jpg 768w\" sizes=\"(max-width: 960px) 100vw, 960px\" \/>\t\t\t\t\t\t\t\t\t\t\t<figcaption class=\"widget-image-caption wp-caption-text\">El sabio Lu\u00eds Vives fue alumno y amigo de  Erasmo de Rotterdam, amigo de Guillaume Bud\u00e9 y amigo del alma del canciller Thomas More.<\/figcaption>\n\t\t\t\t\t\t\t\t\t\t<\/figure>\n\t\t\t\t\t\t\t\t\t<\/div>\n\t\t\t\t<\/div>\n\t\t\t\t<div class=\"elementor-element elementor-element-fb0aadf elementor-widget elementor-widget-link-in-bio\" data-id=\"fb0aadf\" data-element_type=\"widget\" data-e-type=\"widget\" data-widget_type=\"link-in-bio.default\">\n\t\t\t\t<div class=\"elementor-widget-container\">\n\t\t\t\t\t\t\t<div class=\"e-link-in-bio e-link-in-bio\">\n\t\t\t<div class=\"e-link-in-bio__content\">\n\n\t\t\t\t\t\t<div class=\"e-link-in-bio__identity\">\n\t\t\t\t\t\t\t\t\t<div class=\"e-link-in-bio__identity-image e-link-in-bio__identity-image-profile has-style-circle\">\n\t\t\t\t\t\t\t<img loading=\"lazy\" decoding=\"async\" width=\"211\" height=\"240\" src=\"https:\/\/ferrancremades.es\/wp-content\/uploads\/2024\/08\/Juan-Miguel-Morales.jpg\" class=\"e-link-in-bio__identity-image-element\" alt=\"\" \/>\t\t\t\t\t\t\t\t\t\t\t\t\t<\/div>\n\t\t\t\t\t\t\t<\/div>\n\t\t\t\t\t<div class=\"e-link-in-bio__bio\">\n\t\t\t\t<h2 class=\"e-link-in-bio__heading\">FERRAN CREMADES<\/h2>\t\t\t\t<h3 class=\"e-link-in-bio__title\">ESCRITOR<\/h3>\t\t\t\t\t\t\t\t<p class=\"e-link-in-bio__description\">Acomp\u00e1\u00f1ame en mi viaje a trav\u00e9s de mis publicaciones y trabajos relacionados con la Literatura, el Arte y la Cultura en general...<\/p>\t\t\t<\/div>\n\t\t\t\t\t<div class=\"e-link-in-bio__icons has-size-small\">\n\t\t\t\t\t\t\t<div class=\"e-link-in-bio__icon is-size-small\">\n\t\t\t\t\t<a href=\"https:\/\/www.facebook.com\/ferran.cremades.1\" target=\"_blank\" rel=\"noopener \" aria-label=\"Facebook\" class=\"e-link-in-bio__icon-link\">\n\t\t\t\t\t\t<span class=\"e-link-in-bio__icon-svg\">\n\t\t\t\t\t\t\t<svg aria-hidden=\"true\" class=\"e-font-icon-svg e-fab-facebook\" viewBox=\"0 0 512 512\" xmlns=\"http:\/\/www.w3.org\/2000\/svg\"><path d=\"M504 256C504 119 393 8 256 8S8 119 8 256c0 123.78 90.69 226.38 209.25 245V327.69h-63V256h63v-54.64c0-62.15 37-96.48 93.67-96.48 27.14 0 55.52 4.84 55.52 4.84v61h-31.28c-30.8 0-40.41 19.12-40.41 38.73V256h68.78l-11 71.69h-57.78V501C413.31 482.38 504 379.78 504 256z\"><\/path><\/svg>\t\t\t\t\t\t<\/span>\n\t\t\t\t\t\t\t\t\t\t\t<\/a>\n\t\t\t\t<\/div>\n\t\t\t\t\t\t\t<div class=\"e-link-in-bio__icon is-size-small\">\n\t\t\t\t\t<a href=\"https:\/\/www.instagram.com\/ferrancremades\/\" target=\"_blank\" rel=\"noopener \" aria-label=\"Instagram\" class=\"e-link-in-bio__icon-link\">\n\t\t\t\t\t\t<span class=\"e-link-in-bio__icon-svg\">\n\t\t\t\t\t\t\t<svg aria-hidden=\"true\" class=\"e-font-icon-svg e-fab-instagram\" viewBox=\"0 0 448 512\" xmlns=\"http:\/\/www.w3.org\/2000\/svg\"><path d=\"M224.1 141c-63.6 0-114.9 51.3-114.9 114.9s51.3 114.9 114.9 114.9S339 319.5 339 255.9 287.7 141 224.1 141zm0 189.6c-41.1 0-74.7-33.5-74.7-74.7s33.5-74.7 74.7-74.7 74.7 33.5 74.7 74.7-33.6 74.7-74.7 74.7zm146.4-194.3c0 14.9-12 26.8-26.8 26.8-14.9 0-26.8-12-26.8-26.8s12-26.8 26.8-26.8 26.8 12 26.8 26.8zm76.1 27.2c-1.7-35.9-9.9-67.7-36.2-93.9-26.2-26.2-58-34.4-93.9-36.2-37-2.1-147.9-2.1-184.9 0-35.8 1.7-67.6 9.9-93.9 36.1s-34.4 58-36.2 93.9c-2.1 37-2.1 147.9 0 184.9 1.7 35.9 9.9 67.7 36.2 93.9s58 34.4 93.9 36.2c37 2.1 147.9 2.1 184.9 0 35.9-1.7 67.7-9.9 93.9-36.2 26.2-26.2 34.4-58 36.2-93.9 2.1-37 2.1-147.8 0-184.8zM398.8 388c-7.8 19.6-22.9 34.7-42.6 42.6-29.5 11.7-99.5 9-132.1 9s-102.7 2.6-132.1-9c-19.6-7.8-34.7-22.9-42.6-42.6-11.7-29.5-9-99.5-9-132.1s-2.6-102.7 9-132.1c7.8-19.6 22.9-34.7 42.6-42.6 29.5-11.7 99.5-9 132.1-9s102.7-2.6 132.1 9c19.6 7.8 34.7 22.9 42.6 42.6 11.7 29.5 9 99.5 9 132.1s2.7 102.7-9 132.1z\"><\/path><\/svg>\t\t\t\t\t\t<\/span>\n\t\t\t\t\t\t\t\t\t\t\t<\/a>\n\t\t\t\t<\/div>\n\t\t\t\t\t\t\t<div class=\"e-link-in-bio__icon is-size-small\">\n\t\t\t\t\t<a href=\"https:\/\/x.com\/Ferran_Cremades\" target=\"_blank\" rel=\"noopener \" aria-label=\"X (Twitter)\" class=\"e-link-in-bio__icon-link\">\n\t\t\t\t\t\t<span class=\"e-link-in-bio__icon-svg\">\n\t\t\t\t\t\t\t<svg aria-hidden=\"true\" class=\"e-font-icon-svg e-fab-x-twitter\" viewBox=\"0 0 512 512\" xmlns=\"http:\/\/www.w3.org\/2000\/svg\"><path d=\"M389.2 48h70.6L305.6 224.2 487 464H345L233.7 318.6 106.5 464H35.8L200.7 275.5 26.8 48H172.4L272.9 180.9 389.2 48zM364.4 421.8h39.1L151.1 88h-42L364.4 421.8z\"><\/path><\/svg>\t\t\t\t\t\t<\/span>\n\t\t\t\t\t\t\t\t\t\t\t<\/a>\n\t\t\t\t<\/div>\n\t\t\t\t\t<\/div>\n\t\t\n\t\t<div class=\"e-link-in-bio__ctas has-type-button\">\n\t\t\t\t\t\t\t<a href=\"https:\/\/ferrancremades.es\/index.php\/inicio\/atelier\/\" class=\"e-link-in-bio__cta is-type-button has-corners-rounded\">\n\t\t\t\t\t\t\t\t\t\t<span class=\"e-link-in-bio__cta-text\">\n\t\t\t\t\t\tAtelier\t\t\t\t\t<\/span>\n\t\t\t\t<\/a>\n\t\t\t\t\t\t\t<a href=\"https:\/\/ferrancremades.es\/index.php\/bibliografia\/\" class=\"e-link-in-bio__cta is-type-button has-corners-rounded\">\n\t\t\t\t\t\t\t\t\t\t<span class=\"e-link-in-bio__cta-text\">\n\t\t\t\t\t\tBibliograf\u00eda\t\t\t\t\t<\/span>\n\t\t\t\t<\/a>\n\t\t\t\t\t\t\t<a href=\"https:\/\/ferrancremades.es\/index.php\/art__cultura\/\" class=\"e-link-in-bio__cta is-type-button has-corners-rounded\">\n\t\t\t\t\t\t\t\t\t\t<span class=\"e-link-in-bio__cta-text\">\n\t\t\t\t\t\tArt &amp; Cultura\t\t\t\t\t<\/span>\n\t\t\t\t<\/a>\n\t\t\t\t\t\t\t<a href=\"https:\/\/ferrancremades.es\/index.php\/contactar\/\" class=\"e-link-in-bio__cta is-type-button has-corners-rounded\">\n\t\t\t\t\t\t\t\t\t\t<span class=\"e-link-in-bio__cta-text\">\n\t\t\t\t\t\tContactar\t\t\t\t\t<\/span>\n\t\t\t\t<\/a>\n\t\t\t\t\t<\/div>\n\t\t\n\t\t\t<\/div>\n\t\t\t<div class=\"e-link-in-bio__bg\">\n\t\t\t\t<div class=\"e-link-in-bio__bg-overlay\"><\/div>\n\t\t\t<\/div>\n\t\t<\/div>\n\t\t\t\t\t\t<\/div>\n\t\t\t\t<\/div>\n\t\t\t\t\t<\/div>\n\t\t\t\t<\/div>\n\t\t\t\t<\/div>\n\t\t","protected":false},"excerpt":{"rendered":"<div class=\"entry-summary\">\n<div class=\"entry-summary\">\nHISTORIA Y FORMACI\u00d3N Ferran Cremades i Arlandis, nacido el 19 de enero&hellip;\n<\/div>\n<div class=\"link-more\"><a href=\"https:\/\/ferrancremades.es\/index.php\/biografia\/\" class=\"more-link\">Seguir leyendo<span class=\"screen-reader-text\"> &ldquo;2-BIOGRAF\u00cdA&rdquo;<\/span>&hellip;<\/a><\/div>\n<\/div>\n<div class=\"link-more\"><a href=\"https:\/\/ferrancremades.es\/index.php\/biografia\/\" class=\"more-link\">Seguir leyendo<span class=\"screen-reader-text\"> &ldquo;2-BIOGRAF\u00cdA&rdquo;<\/span>&hellip;<\/a><\/div>\n","protected":false},"author":1,"featured_media":0,"parent":0,"menu_order":0,"comment_status":"closed","ping_status":"closed","template":"","meta":{"_acf_changed":false,"_monsterinsights_skip_tracking":false,"_monsterinsights_sitenote_active":false,"_monsterinsights_sitenote_note":"","_monsterinsights_sitenote_category":0,"_joinchat":[],"footnotes":""},"class_list":["post-16","page","type-page","status-publish","hentry","entry"],"acf":[],"aioseo_notices":[],"_links":{"self":[{"href":"https:\/\/ferrancremades.es\/index.php\/wp-json\/wp\/v2\/pages\/16","targetHints":{"allow":["GET"]}}],"collection":[{"href":"https:\/\/ferrancremades.es\/index.php\/wp-json\/wp\/v2\/pages"}],"about":[{"href":"https:\/\/ferrancremades.es\/index.php\/wp-json\/wp\/v2\/types\/page"}],"author":[{"embeddable":true,"href":"https:\/\/ferrancremades.es\/index.php\/wp-json\/wp\/v2\/users\/1"}],"replies":[{"embeddable":true,"href":"https:\/\/ferrancremades.es\/index.php\/wp-json\/wp\/v2\/comments?post=16"}],"version-history":[{"count":87,"href":"https:\/\/ferrancremades.es\/index.php\/wp-json\/wp\/v2\/pages\/16\/revisions"}],"predecessor-version":[{"id":4945,"href":"https:\/\/ferrancremades.es\/index.php\/wp-json\/wp\/v2\/pages\/16\/revisions\/4945"}],"wp:attachment":[{"href":"https:\/\/ferrancremades.es\/index.php\/wp-json\/wp\/v2\/media?parent=16"}],"curies":[{"name":"wp","href":"https:\/\/api.w.org\/{rel}","templated":true}]}}